{"id":985,"date":"2025-03-01T16:34:25","date_gmt":"2025-03-01T16:34:25","guid":{"rendered":"https:\/\/sistechsoftware.com.br\/?post_type=product&#038;p=985"},"modified":"2025-03-01T16:34:25","modified_gmt":"2025-03-01T16:34:25","slug":"comp-i3-2g-4-240-lnx-goldentec","status":"publish","type":"product","link":"https:\/\/sistechsoftware.com.br\/?product=comp-i3-2g-4-240-lnx-goldentec","title":{"rendered":"COMP I3 2G, 4, 240, LNX, GOLDENTEC"},"content":{"rendered":"<table>\n<tbody>\n<tr>\n<td colspan=\"3\"><u><b>ESPECIFICA\u00c7\u00d5ES T\u00c9CNICAS<\/b><\/u><\/td>\n<\/tr>\n<tr>\n<td><b>Processador<\/b><\/td>\n<td>Intel Core i3<\/td>\n<\/tr>\n<tr>\n<td><b>Mem\u00f3ria<\/b><\/td>\n<td>4GB (1X4GB)<\/td>\n<\/tr>\n<tr>\n<td><b>Armazenamento<\/b><\/td>\n<td>SSD 240GB M2 500MB\/s<\/td>\n<\/tr>\n<tr>\n<td><b>Drives<\/b><\/td>\n<td>N\u00e3o Possui<\/td>\n<\/tr>\n<tr>\n<td><b>Placa M\u00e3e<\/b><\/td>\n<td>GT H61 DDR3 (S,V,R)<\/td>\n<\/tr>\n<tr>\n<td><b>USBs<\/b><\/td>\n<td>Frontais: 2x USB<br \/>\nTraseiras: 6x USB 2.0<\/td>\n<\/tr>\n<tr>\n<td><b>V\u00eddeo Integrado<\/b><\/td>\n<td>Intel HD Graphics 2000 (provido pelo processador)<\/td>\n<\/tr>\n<tr>\n<td><b>Conectores de V\u00eddeo<\/b><\/td>\n<td>1x HDMI + 1x VGA<\/td>\n<\/tr>\n<tr>\n<td><b>Som Integrado<\/b><\/td>\n<td>Realtek ALC662 HD Audio 5.1 Canais<\/td>\n<\/tr>\n<tr>\n<td><b>Rede<\/b><\/td>\n<td>10\/100\/1000Mbps Realtek 8105E (Fast Ethernet)<\/td>\n<\/tr>\n<tr>\n<td><b>Sistema Operacional<\/b><\/td>\n<td>Linux<\/td>\n<\/tr>\n<tr>\n<td><b>Portas Serial e Paralela<\/b><\/td>\n<td>N\u00e3o possui<\/td>\n<\/tr>\n<tr>\n<td><b>Fonte<\/b><\/td>\n<td>Fonte Goldentec 250W GT<\/td>\n<\/tr>\n<tr>\n<td><b>Cor do Gabinete<\/b><\/td>\n<td>Preto<\/td>\n<\/tr>\n<tr>\n<td><b>Marca<\/b><\/td>\n<td>Goldentec<\/td>\n<\/tr>\n<tr>\n<td><b>Tipo de Produto<\/b><\/td>\n<td>Desktop<\/td>\n<\/tr>\n<tr>\n<td><b>Design<\/b><\/td>\n<td>Compacto<\/td>\n<\/tr>\n<tr>\n<td><b>Cor<\/b><\/td>\n<td>Preto<\/td>\n<\/tr>\n<tr>\n<td><b>Tamanho<\/b><\/td>\n<td>M\u00e9dio<\/td>\n<\/tr>\n<tr>\n<td><b>Especifica\u00e7\u00e3o<\/b><\/td>\n<td>Intermedi\u00e1rio<\/td>\n<\/tr>\n<tr>\n<td><b>Adicionais<\/b><\/td>\n<td>Com SSD<\/td>\n<\/tr>\n<tr>\n<td><b>Processador<\/b><\/td>\n<td>i3<\/td>\n<\/tr>\n<tr>\n<td><b>Mem\u00f3ria<\/b><\/td>\n<td>4gb<\/td>\n<\/tr>\n<tr>\n<td><b>Capacidade SSD<\/b><\/td>\n<td>240gb<\/td>\n<\/tr>\n<tr>\n<td><b>Estilo<\/b><\/td>\n<td>Para Trabalho<\/td>\n<\/tr>\n<tr>\n<td><b>Voltagem<\/b><\/td>\n<td>Bivolt<\/td>\n<\/tr>\n<tr>\n<td><b>Refrigera\u00e7\u00e3o<\/b><\/td>\n<td>Cooler<\/td>\n<\/tr>\n<tr>\n<td><b>Tipo de Conex\u00e3o<\/b><\/td>\n<td>USB<\/td>\n<\/tr>\n<tr>\n<td><b>Placa de V\u00eddeo<\/b><\/td>\n<td>Integrada<\/td>\n<\/tr>\n<tr>\n<td><b>Dimens\u00f5es (A x L x P)<\/b><\/td>\n<td>365 x 175 x 360mm<\/td>\n<\/tr>\n<tr>\n<td><b>Garantia<\/b><\/td>\n<td>Garantia de 12 meses com fabricante<\/td>\n<\/tr>\n<tr>\n<td><b>Conte\u00fado da Embalagem<\/b><\/td>\n<td>Cabos + Manual<\/td>\n<\/tr>\n<\/tbody>\n<\/table>\n","protected":false},"excerpt":{"rendered":"<p>ESPECIFICA\u00c7\u00d5ES T\u00c9CNICAS Processador Intel Core i3 Mem\u00f3ria 4GB (1X4GB) Armazenamento SSD 240GB M2 500MB\/s Drives N\u00e3o Possui Placa M\u00e3e GT H61 DDR3 (S,V,R) USBs Frontais: 2x USB Traseiras: 6x USB 2.0 V\u00eddeo Integrado Intel HD Graphics 2000 (provido pelo processador) Conectores de V\u00eddeo 1x HDMI + 1x VGA Som Integrado Realtek ALC662 HD Audio 5.1 [&hellip;]<\/p>\n","protected":false},"featured_media":986,"comment_status":"open","ping_status":"closed","template":"","meta":[],"product_brand":[],"product_cat":[62],"product_tag":[63],"class_list":{"0":"post-985","1":"product","2":"type-product","3":"status-publish","4":"has-post-thumbnail","6":"product_cat-computador-desktop","7":"product_tag-computador","9":"first","10":"instock","11":"shipping-taxable","12":"purchasable","13":"product-type-simple"},"yoast_head":"<!-- This site is optimized with the Yoast SEO plugin v24.7 - https:\/\/yoast.com\/wordpress\/plugins\/seo\/ -->\n<title>COMP I3 2G, 4, 240, LNX, GOLDENTEC - sistechsoftware.com.br<\/title>\n<meta name=\"robots\" content=\"index, follow, max-snippet:-1, max-image-preview:large, max-video-preview:-1\" \/>\n<link rel=\"canonical\" href=\"https:\/\/sistechsoftware.com.br\/?product=comp-i3-2g-4-240-lnx-goldentec\" \/>\n<meta property=\"og:locale\" content=\"pt_BR\" \/>\n<meta property=\"og:type\" content=\"article\" \/>\n<meta property=\"og:title\" content=\"COMP I3 2G, 4, 240, LNX, GOLDENTEC - sistechsoftware.com.br\" \/>\n<meta property=\"og:description\" content=\"ESPECIFICA\u00c7\u00d5ES T\u00c9CNICAS Processador Intel Core i3 Mem\u00f3ria 4GB (1X4GB) Armazenamento SSD 240GB M2 500MB\/s Drives N\u00e3o Possui Placa M\u00e3e GT H61 DDR3 (S,V,R) USBs Frontais: 2x USB Traseiras: 6x USB 2.0 V\u00eddeo Integrado Intel HD Graphics 2000 (provido pelo processador) Conectores de V\u00eddeo 1x HDMI + 1x VGA Som Integrado Realtek ALC662 HD Audio 5.1 [&hellip;]\" \/>\n<meta property=\"og:url\" content=\"https:\/\/sistechsoftware.com.br\/?product=comp-i3-2g-4-240-lnx-goldentec\" \/>\n<meta property=\"og:site_name\" content=\"sistechsoftware.com.br\" \/>\n<meta property=\"article:publisher\" content=\"https:\/\/www.facebook.com\/sistechTHE\/\" \/>\n<meta property=\"og:image\" content=\"https:\/\/sistechsoftware.com.br\/wp-content\/uploads\/2025\/03\/cpu-10.png\" \/>\n\t<meta property=\"og:image:width\" content=\"837\" \/>\n\t<meta property=\"og:image:height\" content=\"656\" \/>\n\t<meta property=\"og:image:type\" content=\"image\/png\" \/>\n<meta name=\"twitter:card\" content=\"summary_large_image\" \/>\n<meta name=\"twitter:label1\" content=\"Est. tempo de leitura\" \/>\n\t<meta name=\"twitter:data1\" content=\"1 minuto\" \/>\n<script type=\"application\/ld+json\" class=\"yoast-schema-graph\">{\"@context\":\"https:\/\/schema.org\",\"@graph\":[{\"@type\":\"WebPage\",\"@id\":\"https:\/\/sistechsoftware.com.br\/?product=comp-i3-2g-4-240-lnx-goldentec\",\"url\":\"https:\/\/sistechsoftware.com.br\/?product=comp-i3-2g-4-240-lnx-goldentec\",\"name\":\"COMP I3 2G, 4, 240, LNX, GOLDENTEC - sistechsoftware.com.br\",\"isPartOf\":{\"@id\":\"https:\/\/sistechsoftware.com.br\/#website\"},\"primaryImageOfPage\":{\"@id\":\"https:\/\/sistechsoftware.com.br\/?product=comp-i3-2g-4-240-lnx-goldentec#primaryimage\"},\"image\":{\"@id\":\"https:\/\/sistechsoftware.com.br\/?product=comp-i3-2g-4-240-lnx-goldentec#primaryimage\"},\"thumbnailUrl\":\"https:\/\/sistechsoftware.com.br\/wp-content\/uploads\/2025\/03\/cpu-10.png\",\"datePublished\":\"2025-03-01T16:34:25+00:00\",\"breadcrumb\":{\"@id\":\"https:\/\/sistechsoftware.com.br\/?product=comp-i3-2g-4-240-lnx-goldentec#breadcrumb\"},\"inLanguage\":\"pt-BR\",\"potentialAction\":[{\"@type\":\"ReadAction\",\"target\":[\"https:\/\/sistechsoftware.com.br\/?product=comp-i3-2g-4-240-lnx-goldentec\"]}]},{\"@type\":\"ImageObject\",\"inLanguage\":\"pt-BR\",\"@id\":\"https:\/\/sistechsoftware.com.br\/?product=comp-i3-2g-4-240-lnx-goldentec#primaryimage\",\"url\":\"https:\/\/sistechsoftware.com.br\/wp-content\/uploads\/2025\/03\/cpu-10.png\",\"contentUrl\":\"https:\/\/sistechsoftware.com.br\/wp-content\/uploads\/2025\/03\/cpu-10.png\",\"width\":837,\"height\":656},{\"@type\":\"BreadcrumbList\",\"@id\":\"https:\/\/sistechsoftware.com.br\/?product=comp-i3-2g-4-240-lnx-goldentec#breadcrumb\",\"itemListElement\":[{\"@type\":\"ListItem\",\"position\":1,\"name\":\"In\u00edcio\",\"item\":\"https:\/\/sistechsoftware.com.br\/\"},{\"@type\":\"ListItem\",\"position\":2,\"name\":\"Shop\",\"item\":\"https:\/\/sistechsoftware.com.br\/?page_id=544\"},{\"@type\":\"ListItem\",\"position\":3,\"name\":\"COMP I3 2G, 4, 240, LNX, GOLDENTEC\"}]},{\"@type\":\"WebSite\",\"@id\":\"https:\/\/sistechsoftware.com.br\/#website\",\"url\":\"https:\/\/sistechsoftware.com.br\/\",\"name\":\"sistechsoftware.com.br\",\"description\":\"\",\"publisher\":{\"@id\":\"https:\/\/sistechsoftware.com.br\/#organization\"},\"potentialAction\":[{\"@type\":\"SearchAction\",\"target\":{\"@type\":\"EntryPoint\",\"urlTemplate\":\"https:\/\/sistechsoftware.com.br\/?s={search_term_string}\"},\"query-input\":{\"@type\":\"PropertyValueSpecification\",\"valueRequired\":true,\"valueName\":\"search_term_string\"}}],\"inLanguage\":\"pt-BR\"},{\"@type\":\"Organization\",\"@id\":\"https:\/\/sistechsoftware.com.br\/#organization\",\"name\":\"sistechsoftware.com.br\",\"url\":\"https:\/\/sistechsoftware.com.br\/\",\"logo\":{\"@type\":\"ImageObject\",\"inLanguage\":\"pt-BR\",\"@id\":\"https:\/\/sistechsoftware.com.br\/#\/schema\/logo\/image\/\",\"url\":\"https:\/\/sistechsoftware.com.br\/wp-content\/uploads\/2025\/01\/2bc4c4e9-190e-428c-9e8c-abd1d40d431c.png\",\"contentUrl\":\"https:\/\/sistechsoftware.com.br\/wp-content\/uploads\/2025\/01\/2bc4c4e9-190e-428c-9e8c-abd1d40d431c.png\",\"width\":6250,\"height\":2553,\"caption\":\"sistechsoftware.com.br\"},\"image\":{\"@id\":\"https:\/\/sistechsoftware.com.br\/#\/schema\/logo\/image\/\"},\"sameAs\":[\"https:\/\/www.facebook.com\/sistechTHE\/\",\"https:\/\/www.instagram.com\/sistechcocais\/\"]}]}<\/script>\n<!-- \/ Yoast SEO plugin. -->","yoast_head_json":{"title":"COMP I3 2G, 4, 240, LNX, GOLDENTEC - sistechsoftware.com.br","robots":{"index":"index","follow":"follow","max-snippet":"max-snippet:-1","max-image-preview":"max-image-preview:large","max-video-preview":"max-video-preview:-1"},"canonical":"https:\/\/sistechsoftware.com.br\/?product=comp-i3-2g-4-240-lnx-goldentec","og_locale":"pt_BR","og_type":"article","og_title":"COMP I3 2G, 4, 240, LNX, GOLDENTEC - sistechsoftware.com.br","og_description":"ESPECIFICA\u00c7\u00d5ES T\u00c9CNICAS Processador Intel Core i3 Mem\u00f3ria 4GB (1X4GB) Armazenamento SSD 240GB M2 500MB\/s Drives N\u00e3o Possui Placa M\u00e3e GT H61 DDR3 (S,V,R) USBs Frontais: 2x USB Traseiras: 6x USB 2.0 V\u00eddeo Integrado Intel HD Graphics 2000 (provido pelo processador) Conectores de V\u00eddeo 1x HDMI + 1x VGA Som Integrado Realtek ALC662 HD Audio 5.1 [&hellip;]","og_url":"https:\/\/sistechsoftware.com.br\/?product=comp-i3-2g-4-240-lnx-goldentec","og_site_name":"sistechsoftware.com.br","article_publisher":"https:\/\/www.facebook.com\/sistechTHE\/","og_image":[{"width":837,"height":656,"url":"https:\/\/sistechsoftware.com.br\/wp-content\/uploads\/2025\/03\/cpu-10.png","type":"image\/png"}],"twitter_card":"summary_large_image","twitter_misc":{"Est. tempo de leitura":"1 minuto"},"schema":{"@context":"https:\/\/schema.org","@graph":[{"@type":"WebPage","@id":"https:\/\/sistechsoftware.com.br\/?product=comp-i3-2g-4-240-lnx-goldentec","url":"https:\/\/sistechsoftware.com.br\/?product=comp-i3-2g-4-240-lnx-goldentec","name":"COMP I3 2G, 4, 240, LNX, GOLDENTEC - sistechsoftware.com.br","isPartOf":{"@id":"https:\/\/sistechsoftware.com.br\/#website"},"primaryImageOfPage":{"@id":"https:\/\/sistechsoftware.com.br\/?product=comp-i3-2g-4-240-lnx-goldentec#primaryimage"},"image":{"@id":"https:\/\/sistechsoftware.com.br\/?product=comp-i3-2g-4-240-lnx-goldentec#primaryimage"},"thumbnailUrl":"https:\/\/sistechsoftware.com.br\/wp-content\/uploads\/2025\/03\/cpu-10.png","datePublished":"2025-03-01T16:34:25+00:00","breadcrumb":{"@id":"https:\/\/sistechsoftware.com.br\/?product=comp-i3-2g-4-240-lnx-goldentec#breadcrumb"},"inLanguage":"pt-BR","potentialAction":[{"@type":"ReadAction","target":["https:\/\/sistechsoftware.com.br\/?product=comp-i3-2g-4-240-lnx-goldentec"]}]},{"@type":"ImageObject","inLanguage":"pt-BR","@id":"https:\/\/sistechsoftware.com.br\/?product=comp-i3-2g-4-240-lnx-goldentec#primaryimage","url":"https:\/\/sistechsoftware.com.br\/wp-content\/uploads\/2025\/03\/cpu-10.png","contentUrl":"https:\/\/sistechsoftware.com.br\/wp-content\/uploads\/2025\/03\/cpu-10.png","width":837,"height":656},{"@type":"BreadcrumbList","@id":"https:\/\/sistechsoftware.com.br\/?product=comp-i3-2g-4-240-lnx-goldentec#breadcrumb","itemListElement":[{"@type":"ListItem","position":1,"name":"In\u00edcio","item":"https:\/\/sistechsoftware.com.br\/"},{"@type":"ListItem","position":2,"name":"Shop","item":"https:\/\/sistechsoftware.com.br\/?page_id=544"},{"@type":"ListItem","position":3,"name":"COMP I3 2G, 4, 240, LNX, GOLDENTEC"}]},{"@type":"WebSite","@id":"https:\/\/sistechsoftware.com.br\/#website","url":"https:\/\/sistechsoftware.com.br\/","name":"sistechsoftware.com.br","description":"","publisher":{"@id":"https:\/\/sistechsoftware.com.br\/#organization"},"potentialAction":[{"@type":"SearchAction","target":{"@type":"EntryPoint","urlTemplate":"https:\/\/sistechsoftware.com.br\/?s={search_term_string}"},"query-input":{"@type":"PropertyValueSpecification","valueRequired":true,"valueName":"search_term_string"}}],"inLanguage":"pt-BR"},{"@type":"Organization","@id":"https:\/\/sistechsoftware.com.br\/#organization","name":"sistechsoftware.com.br","url":"https:\/\/sistechsoftware.com.br\/","logo":{"@type":"ImageObject","inLanguage":"pt-BR","@id":"https:\/\/sistechsoftware.com.br\/#\/schema\/logo\/image\/","url":"https:\/\/sistechsoftware.com.br\/wp-content\/uploads\/2025\/01\/2bc4c4e9-190e-428c-9e8c-abd1d40d431c.png","contentUrl":"https:\/\/sistechsoftware.com.br\/wp-content\/uploads\/2025\/01\/2bc4c4e9-190e-428c-9e8c-abd1d40d431c.png","width":6250,"height":2553,"caption":"sistechsoftware.com.br"},"image":{"@id":"https:\/\/sistechsoftware.com.br\/#\/schema\/logo\/image\/"},"sameAs":["https:\/\/www.facebook.com\/sistechTHE\/","https:\/\/www.instagram.com\/sistechcocais\/"]}]}},"_links":{"self":[{"href":"https:\/\/sistechsoftware.com.br\/index.php?rest_route=\/wp\/v2\/product\/985","targetHints":{"allow":["GET"]}}],"collection":[{"href":"https:\/\/sistechsoftware.com.br\/index.php?rest_route=\/wp\/v2\/product"}],"about":[{"href":"https:\/\/sistechsoftware.com.br\/index.php?rest_route=\/wp\/v2\/types\/product"}],"replies":[{"embeddable":true,"href":"https:\/\/sistechsoftware.com.br\/index.php?rest_route=%2Fwp%2Fv2%2Fcomments&post=985"}],"wp:featuredmedia":[{"embeddable":true,"href":"https:\/\/sistechsoftware.com.br\/index.php?rest_route=\/wp\/v2\/media\/986"}],"wp:attachment":[{"href":"https:\/\/sistechsoftware.com.br\/index.php?rest_route=%2Fwp%2Fv2%2Fmedia&parent=985"}],"wp:term":[{"taxonomy":"product_brand","embeddable":true,"href":"https:\/\/sistechsoftware.com.br\/index.php?rest_route=%2Fwp%2Fv2%2Fproduct_brand&post=985"},{"taxonomy":"product_cat","embeddable":true,"href":"https:\/\/sistechsoftware.com.br\/index.php?rest_route=%2Fwp%2Fv2%2Fproduct_cat&post=985"},{"taxonomy":"product_tag","embeddable":true,"href":"https:\/\/sistechsoftware.com.br\/index.php?rest_route=%2Fwp%2Fv2%2Fproduct_tag&post=985"}],"curies":[{"name":"wp","href":"https:\/\/api.w.org\/{rel}","templated":true}]}}